lse
Is 6787951 composite?
False
Is 184338079 a composite number?
False
Is 1695989 composite?
False
Is 83109539 a prime number?
False
Is 5107573 a prime number?
False
Is 27439387 a prime number?
True
Is 4800149 a composite number?
False
Is 247212673 composite?
True
Is 13043431 prime?
True
Is 5762597 composite?
False
Is 847722119 prime?
False
Is 331323023 composite?
False
Is 218142721 prime?
True
Is 1062235 a composite number?
True
Is 3362809 a composite number?
False
Is 51068113 prime?
False
Is 4879709 prime?
True
Is 755435339 composite?
True
Is 48563909 prime?
True
Is 10039121 a composite number?
False
Is 12816761 a composite number?
True
Is 56281481 a composite number?
False
Is 30874453 a composite number?
False
Is 5115193 composite?
False
Is 163247 a composite number?
True
Is 70170527 prime?
False
Is 119129 a composite number?
False
Is 83786519 prime?
True
Is 14302357 composite?
True
Is 26793521 composite?
False
Is 855543077 a prime number?
False
Is 10314977 a composite number?
False
Is 1297657 a composite number?
False
Is 31276247 a composite number?
False
Is 1686257 prime?
True
Is 237245087 a composite number?
False
Is 9359755 a composite number?
True
Is 5110543 prime?
False
Is 559074365 composite?
True
Is 4256047 a prime number?
False
Is 2615513 composite?
True
Is 4364647 composite?
True
Is 337049509 a prime number?
True
Is 370661 composite?
False
Is 3149581 prime?
False
Is 878749309 composite?
False
Is 403094183 a prime number?
True
Is 11648171 prime?
False
Is 1715911 a composite number?
False
Is 471737 a prime number?
False
Is 16548307 a composite number?
False
Is 67608329 prime?
True
Is 11677 prime?
True
Is 247157311 a prime number?
False
Is 779063 a composite number?
False
Is 17871827 prime?
False
Is 8584519 a composite number?
False
Is 520913 composite?
False
Is 72870773 composite?
True
Is 30822847 a prime number?
False
Is 944870677 a composite number?
False
Is 142814758 prime?
False
Is 910661 prime?
True
Is 5178239 a prime number?
False
Is 18812093 prime?
True
Is 42753341 a prime number?
True
Is 2137283 prime?
False
Is 430217417 prime?
False
Is 69087827 a composite number?
False
Is 124857013 composite?
True
Is 400811 a prime number?
False
Is 23780327 a composite number?
False
Is 24471299 a prime number?
True
Is 1090237 a prime number?
False
Is 18919493 composite?
False
Is 37402 composite?
True
Is 1097563 prime?
False
Is 2095439 a composite number?
False
Is 4493147 prime?
True
Is 551269 a prime number?
True
Is 1921247 a prime number?
True
Is 23662721 a prime number?
False
Is 234005111 a composite number?
False
Is 71514745 a prime number?
False
Is 3196437 composite?
True
Is 466036633 composite?
False
Is 2145317 prime?
False
Is 7866907 composite?
True
Is 3997111 composite?
False
Is 173231 prime?
False
Is 3733063 prime?
False
Is 4018979 a prime number?
True
Is 4366045 composite?
True
Is 243821 a composite number?
True
Is 2012519 a composite number?
False
Is 130915787 a prime number?
True
Is 173086879 prime?
False
Is 2250169 prime?
False
Is 4909435 composite?
True
Is 1397189 prime?
True
Is 71491713 composite?
True
Is 1406738733 composite?
True
Is 303213551 prime?
False
Is 1345114 a prime number?
False
Is 9362191 a prime number?
True
Is 16274521 a composite number?
False
Is 85327373 a composite number?
False
Is 8168533 a prime number?
True
Is 504122683 a composite number?
False
Is 12307583 a composite number?
True
Is 608245145 prime?
False
Is 114170777 prime?
False
Is 1319179 a prime number?
False
Is 2718517 composite?
True
Is 143125211 composite?
False
Is 321889 a composite number?
False
Is 7249427 prime?
True
Is 1183687 prime?
True
Is 119922109 a prime number?
True
Is 52244971 a prime number?
True
Is 2465329 composite?
True
Is 25467241 a composite number?
True
Is 139120409 composite?
True
Is 11298169 a prime number?
False
Is 415585097 composite?
False
Is 1323851 composite?
False
Is 17480153 composite?
True
Is 63781469 a composite number?
True
Is 5073469 prime?
False
Is 1937353 prime?
False
Is 17846761 prime?
True
Is 55648843 composite?
False
Is 156759 a composite number?
True
Is 11354359 prime?
True
Is 8397947 prime?
True
Is 6364167 prime?
False
Is 31387 a composite number?
False
Is 659553 composite?
True
Is 2132567 a prime number?
True
Is 1734949 a prime number?
False
Is 492379 a prime number?
False
Is 224401 a composite number?
False
Is 31715851 prime?
False
Is 175129 prime?
True
Is 108659791 prime?
True
Is 8803877 prime?
True
Is 3100757 a prime number?
False
Is 552516719 a composite number?
False
Is 100352711 prime?
True
Is 1977499 a prime number?
True
Is 333185194 prime?
False
Is 463716283 a composite number?
False
Is 138960637 a prime number?
True
Is 11651509 a composite number?
False
Is 415447943 composite?
True
Is 771099761 a prime number?
True
Is 651504109 a prime number?
True
Is 2440369 composite?
True
Is 149064943 a prime number?
False
Is 9104386 composite?
True
Is 662616553 composite?
False
Is 3892571 a composite number?
False
Is 28035577 a composite number?
True
Is 452363 composite?
False
Is 258101069 composite?
False
Is 6888889 a prime number?
False
Is 417217 prime?
True
Is 113061035 a composite number?
True
Is 7985923 prime?
False
Is 295913909 a composite number?
False
Is 732472289 a prime number?
True
Is 2405411 a composite number?
True
Is 384784727 prime?
False
Is 8761583 a prime number?
False
Is 14793323 prime?
True
Is 6468349 a prime number?
True
Is 722447 composite?
True
Is 6479299 composite?
False
Is 1062563 prime?
True
Is 180625909 a prime number?
False
Is 10515291 a prime number?
False
Is 7125169 a composite number?
False
Is 24829601 prime?
True
Is 16618639 prime?
False
Is 42271679 a prime number?
False
Is 3025999 a prime number?
True
Is 1648081 a prime number?
True
Is 52822702 composite?
True
Is 2856509 a composite number?
False
Is 102638495 a prime number?
False
Is 38363939 a composite number?
False
Is 27711137 prime?
True
Is 68916833 composite?
False
Is 11364653 prime?
False
Is 58186249 composite?
True
Is 1355127 prime?
False
Is 9982399 composite?
True
Is 25719851 a prime number?
True
Is 6541261 a prime number?
True
Is 4270363 a composite number?
False
Is 25543621 composite?
False
Is 278159881 prime?
False
Is 7891951 composite?
False
Is 514267453 composite?
True
Is 33208559 a composite number?
False
Is 35031793 a composite number?
False
Is 544367 a prime number?
True
Is 9017537 a prime number?
True
Is 543761 prime?
False
Is 4101137 composite?
True
Is 2927851 prime?
False
Is 311559937 composite?
True
Is 871571 prime?
True
Is 874331 a composite number?
False
Is 5529769 prime?
False
Is 212943373 composite?
False
Is 554726 a composite number?
True
Is 2305049 prime?
True
Is 5618339 a composite number?
True
Is 2266073 a composite number?
True
Is 2434943 prime?
False
Is 4310959 a composite number?
True
Is 9178889 prime?
True
Is 1408787 a prime number?
True
Is 94686901 composite?
False
Is 5523953 a composite number?
True
Is 12464407 prime?
False
Is 22007 prime?
False
Is 65150609 a prime number?
True
Is 63182941 prime?
True
Is 99875753 a composite number?
True
Is 41772827 a prime number?
True
Is 2931779 a composite number?
False
Is 66365549 prime?
True
Is 47532353 composite?
True
Is 863879 a prime number?
True
Is 1454641 prime?
False
Is 961420271 a prime number?
False
Is 11585027 a prime number?
False
Is 84526391 prime?
True
Is 118364483 a prime number?
True
Is 2396803 prime?
True
Is 1138871 composite?
True
Is 3764993 prime?
True
Is 11123393 prime?
True
Is 7374439 composite?
True
Is 20461171 a composite number?
False
Is 212293 a composite number?
False
Is 53068777 a composite number?
True
Is 3719519 prime?
True
Is 2152811 a composite number?
False
Is 18093787 prime?
True
Is 437467 prime?
True
Is 14140411 prime?
True
Is 31812179 a composite number?
True
Is 8758681 a composite number?
True
Is 616272693 a prime number?
False
Is 15590617 prime?
False
Is 1623187 a prime number?
False
Is 6609677 composite?
True
Is 1248221 a prime number?
False
Is 594535 a composite number?
True
Is 35925341 prime?
True
Is 2107979 a composite number?
False
Is 49159267 a composite number?
True
Is 1689253 a composite number?
False
Is 452786053 a composite number?
False
Is 26395091 a prime number?
True
Is 26244899 a composite number?
False
Is 